= 59 - -116. Suppose 36 + 123 = 3*u - 3*a, 5*a = -3*u + n. What is the units digit of u?
5
Suppose -f - 3*n - 11 = 0, f - 4*n = 5*f + 36. What is the units digit of (f/(-16))/((-2)/(-44))?
1
Let c(m) = 38*m - 31. What is the units digit of c(14)?
1
Suppose s - 2 = 3. What is the units digit of -2 + ((-1160)/(-4))/s?
6
Suppose -v + 1073 = w, -16*v = 4*w - 15*v - 4277. What is the units digit of w?
8
Let h = 84 + -87. Suppose -5*f + 10 + 0 = 0. What is the units digit of h/f + 15/2?
6
Suppose -2*n - 96 = -n. Let w be (-305)/5*(3 + -2). Let t = w - n. What is the units digit of t?
5
Suppose -75*c + 6800 = -65*c. What is the tens digit of c?
8
Suppose 0 = 7*i - 6815 - 2446. What is the units digit of i?
3
Suppose 0 = 2*w + 3*h - 2149, -14*w - 5*h - 3233 = -17*w. What is the tens digit of w?
7
Let q = 5 + 5. Let z = -7 + q. Suppose 5*y + 8*r - 50 = 3*r, -y + z*r + 2 = 0. What is the units digit of y?
8
Let w = 47 - 27. Suppose w*k = 16*k + 380. Suppose k = 4*n - 5. What is the units digit of n?
5
Let f be -6*(-3)/(-5 - -11). Suppose -12 = 4*p, 2*p - p = f*i - 780. What is the hundreds digit of i?
2
Suppose -5*y + a + 215 = -4*a, y - 41 = -a. Let p = -208 - -285. Let g = p - y. What is the tens digit of g?
3
Let x(j) = 18 - j**2 - 17*j + 9 - 30. What is the units digit of x(-7)?
7
Suppose n = 2*p + 6 + 5, -4*n - 5*p + 5 = 0. Let a be (-1 - (-4)/6)/((-4)/36). Suppose -5*d = -4*w + 76, a*d + n + 35 = 2*w. What is the tens digit of w?
1
Suppose -4*s + s + 6 = 0. Let t(v) = v - 1 + 9*v**2 - 20*v**2 + 7*v**2 + 9*v**2. What is the tens digit of t(s)?
2
Suppose 0 = 5*y + 2*y - 8064. Suppose 26*q = 32*q - y. What is the tens digit of q?
9
Suppose -3*w - 3*l = -424 - 521, 10 = 5*l. What is the units digit of w?
3
Let y(h) = h**2 - 4*h + 4. Let b be y(2). Suppose b = 3*r + 3 + 6, -2*q + 2*r = -124. What is the units digit of q?
9
Let g = -43 - -48. Suppose 10*p - 445 = g*p. What is the tens digit of p?
8
Let x(p) = -2*p**3 - 36*p**2 - 25*p + 15. What is the tens digit of x(-18)?
6
What is the hundreds digit of (-6)/(-4)*(-46508)/(-33)?
1
Let o = 19 + -14. What is the units digit of 4 + (380/o - -3)?
3
Let a be (3/12)/((-4)/(-2223 + -1)). Let i = a + -34. What is the hundreds digit of i?
1
Let m(w) = -w**3 - 3*w**2 + 4*w + 1. Let c be m(-4). Let j(t) = 5 - t - 3 - c + 5. What is the units digit of j(-4)?
0
Let g(a) = 69 - 7*a + 13*a - 8*a. What is the tens digit of g(0)?
6
Let t = -1252 - -1990. What is the hundreds digit of t?
7
What is the units digit of (-101028)/(-32) - 31/248?
7
Suppose 0 = -2*i - 2*b + 1732 - 712, 2*i - 1018 = -3*b. What is the hundreds digit of i?
5
Let p = -100 - -184. What is the tens digit of p?
8
Let o be 15/(3/(26 + 1)). Let i be 1*(-8)/(-20)*o. Suppose -2*d + i = d. What is the tens digit of d?
1
Suppose -20442 - 195126 = -48*z. What is the hundreds digit of z?
4
Suppose -7*v + 19 + 2 = 0. Suppose v*h - 44 - 67 = 0. What is the units digit of h?
7
What is the thousands digit of 345/(-115) - (0 + -1337)?
1
Let y = -12 + 15. Suppose y*p - 201 = -4*d + 32, d - 54 = -5*p. What is the tens digit of d?
5
Suppose 3*m - 10 + 4 = 0. Suppose -m*l = -9 - 11. Suppose -s = l - 37. What is the units digit of s?
7
Let c = 1 - 0. Let q be -2*(-3 + 2/c). Suppose -r + 6 = q. What is the units digit of r?
4
Let d be (6/6)/((-35224)/11742 - -3). What is the units digit of (1/(-4))/(3 + d/(-1956))?
3
Let k be 3/2*(-484)/(-6). Suppose x - 1 - 1 = -3*s, -x + 6 = -s. Suppose 0 = -x*z - k + 316. What is the units digit of z?
9
Let d(r) = 3*r**2 - 6*r - 12. Let f be -6*(-3 - (-24)/9). Let h(l) = -l**2 + l + 1. Let t(u) = f*h(u) + d(u). What is the units digit of t(6)?
2
Let x = -56 + 61. Suppose -x*w + 504 = -b, -4*w - 6*b + 409 = -b. What is the units digit of w?
1
Let w = 62 - 17. What is the tens digit of (-1688)/(-18) + 10/w?
9
Suppose -28*w = -25*w - 39. Suppose w - 85 = -8*r. What is the units digit of r?
9
Let b be 30/(-9)*6/(-4). Suppose -2*t = -5*i - 6 + 1, b*i = t. What is the units digit of t?
5
Let t(u) = u**3 - 7*u**2 + 11*u - 6. Let l be t(5). Let n = l - -14. What is the tens digit of n?
1
What is the thousands digit of 3/(27288/9092 + -3) - -4?
2
Let u be 8/((-39)/15 + 3). Let t = u - 17. What is the units digit of ((-112)/21)/((-1)/t)?
6
Suppose -8*h + 7*h = 3*l - 2037, 5*l + 2045 = h. What is the thousands digit of h?
2
Suppose -h = -4*b + 661, 5*b - 821 = -0*h - 4*h. What is the tens digit of b?
6
Suppose 4*i - 10 = 2. Let h = i + 0. Suppose -2*t + 21 - h = 0. What is the units digit of t?
9
Let g be ((-4)/(-17))/2 - (-3729)/(-51). Let a = 138 + g. What is the units digit of a?
5
Suppose -343*f + 339*f - 3*b + 16364 = 0, b = 3*f - 12286. What is the thousands digit of f?
4
Let q(d) be the third derivative of d**6/24 + d**5/60 - 5*d**2. Let y be q(1). Suppose y = 3*c - 21. What is the units digit of c?
9
Let l = -2 - -4. Suppose l*u = 4*u - 92. What is the tens digit of u?
4
Suppose -41 = -4*u - 13. Let r(k) = -k**3 + 8*k**2 - 6*k - 8. Let f be r(u). What is the units digit of (5/(-10))/(f/38)?
9
Let l(h) = -11*h - 6*h + 17 + h. What is the units digit of l(-6)?
3
Suppose -237 = -6*t + 2367. What is the units digit of t?
4
Let b(d) = 8*d**2 + 14*d - 19. What is the units digit of b(-9)?
3
Suppose 3*z + 2 = 4*p - 1, p - 2*z = -3. Suppose 0 = 3*k + 2*x - 864, -2*k + p*x + 584 = 7*x. What is the tens digit of k?
8
What is the thousands digit of -719*((-7)/(-21))/(5/(-45))?
2
Suppose -5*c + 29 = -3*c + 3*r, 2*c - 3*r = -1. Suppose -3*i = 2*q - 13, -9 = q - i - 3. Let z = c - q. What is the units digit of z?
8
Let n be ((-3)/10)/(9/(-90)). Let c = 8 - 5. Suppose 0 = -n*a - c*p + 123, 3*a + p - 105 = 4*p. What is the tens digit of a?
3
Let b = -13 + 18. Suppose -2*n + 7*n + b*q - 385 = 0, n + 2*q - 82 = 0. What is the tens digit of n?
7
Let y = -36 + 66. Let o = 31 - y. What is the tens digit of (74/(-1))/(o - 2)?
7
Suppose 0 = d - 5. Let h(u) be the first derivative of u**3/3 - u**2/2 - 7*u - 4. What is the units digit of h(d)?
3
Suppose -7 = 5*c - y, -y - 2 = -4*c - 4*y. Let p = -4 + c. What is the units digit of (-185)/10*(3 + p)?
7
Let o be (-8)/36 + (-6536)/(-9). Suppose -96 = 7*u - o. Suppose 4*l = -4*h + 314 - u, 0 = 3*h - 2*l - 158. What is the tens digit of h?
5
Let z = 7 - 7. Suppose z = -3*c + 19 + 5. Let k = 31 - c. What is the units digit of k?
3
Let o = 1405 - 902. Suppose -z - o = -4*p + 2*p, 4*z + 1259 = 5*p. What is the tens digit of p?
5
Let p be (-104 + 8)*(1 - (-10)/(-6)). Let f = -54 + p. What is the units digit of f?
0
Suppose 4*i + 4*j = -0*j + 276, j - 205 = -3*i. Suppose -73 = -2*a + x, 2*a = -5*x + 7*x + i. What is the units digit of a?
9
Let w(t) = t**2 - 8*t + 20. Let h be w(4). Let z = 23 + -16. Suppose -3*j + z*j + 100 = h*p, p + 3*j = 17. What is the units digit of p?
3
Let s = 236 + -203. What is the tens digit of s?
3
Let a = 22 - 20. Suppose 0 = 3*x - 4*x + a. Suppose -5*c = -v - 6, -v + 2*c = -2*c + x. What is the tens digit of v?
1
Suppose -2 = -2*b - 2*t, -3*b - 3*t + t + 4 = 0. Let q be 2/(-2) + 76 - -2. Suppose -b*l = 5*x - 154, 3*x + 3*l = 19 + q. What is the units digit of x?
0
Suppose 1 = z - 1. Suppose 3*k = -z*k. Suppose k = h + h - 54. What is the tens digit of h?
2
Let m = -227 + 588. What is the hundreds digit of m?
3
Suppose -7*x + 20375 = 2182. What is the hundreds digit of x?
5
Let a = -389 + 627. Suppose -p = 4, 0*p - 2*p = -2*u + a. What is the hundreds digit of u?
1
Let c(t) = -t - 3. Let x(y) = 5*y + 15. Let p(a) = 11*c(a) + 2*x(a). Let w be p(-6). Suppose -w*j - 190 = -8*j. What is the units digit of j?
8
Let o be ((-6)/(-6))/(3/9). Let d(a) = 0*a**3 + 6*a**2 + 2*a**o - 2*a - a**3 + 12. What is the units digit of d(-5)?
7
Let j = 43 + 27. Let x = -35 + j. What is the units digit of x?
5
Suppose 0 = 3*z + 2*z. Let o be -2*(-1 - -70)*(-15)/(-90). What is the units digit of (o*(-1 + z))/1?
3
Let r = 20 - 3. Suppose 3*d - 15 = 5*s, r = -4*s + 3*d + 2. Suppose s = -3*g + 116 + 106. What is the units digit of g?
4
Let a(v) = -2*v**2 + 39. Suppose 4*c = 3*c + 2. Let h be c - (3 + -1) - 0. What is the units digit of a(h)?
9
Let z = 4 + -2. Let q(f) be the first derivative of f**4/2 + 2*f**3/3 + f**2/2 + f - 3. What is the tens digit of q(z)?
2
Suppose -f - 2*u + 78 + 197 = 0, -3*f + 841 = 2*u.